the remainder when 6540381 is divided by 20632.
37
Calculate the remainder when 22808 is divided by 6801.
2405
Calculate the remainder when 264083 is divided by 289.
226
Calculate the remainder when 13675 is divided by 3660.
2695
Calculate the remainder when 25188 is divided by 916.
456
Calculate the remainder when 4861 is divided by 2615.
2246
Calculate the remainder when 8936643 is divided by 2234139.
87
What is the remainder when 94725771 is divided by 286?
283
Calculate the remainder when 5188582 is divided by 648572.
6
What is the remainder when 498521 is divided by 906?
221
Calculate the remainder when 70747 is divided by 2831.
2803
What is the remainder when 23683030 is divided by 13?
7
Calculate the remainder when 96066 is divided by 2826.
2808
Calculate the remainder when 297960 is divided by 56.
40
Calculate the remainder when 15075193 is divided by 15075183.
10
What is the remainder when 1196533 is divided by 1930?
1863
Calculate the remainder when 38501 is divided by 1545.
1421
Calculate the remainder when 137756015 is divided by 779.
771
What is the remainder when 83735 is divided by 20884?
199
Calculate the remainder when 86902 is divided by 4332.
262
Calculate the remainder when 11493574 is divided by 106.
100
What is the remainder when 59302 is divided by 3231?
1144
What is the remainder when 680617 is divided by 9305?
1352
What is the remainder when 1403279 is divided by 23002?
157
Calculate the remainder when 9084424 is divided by 507.
505
What is the remainder when 9521763 is divided by 55?
53
Calculate the remainder when 583657 is divided by 14.
11
Calculate the remainder when 600302 is divided by 1035.
2
Calculate the remainder when 5337172 is divided by 2668575.
22
Calculate the remainder when 311156 is divided by 589.
164
Calculate the remainder when 110307 is divided by 36440.
987
Calculate the remainder when 400789 is divided by 199595.
1599
What is the remainder when 2416402 is divided by 31?
14
Calculate the remainder when 34313714 is divided by 162.
8
What is the remainder when 1262549 is divided by 420821?
86
Calculate the remainder when 4222580 is divided by 476.
460
Calculate the remainder when 636543 is divided by 1307.
34
What is the remainder when 25303 is divided by 4112?
631
What is the remainder when 3813752 is divided by 3502?
74
What is the remainder when 19239964 is divided by 2?
0
Calculate the remainder when 740853 is divided by 461.
26
Calculate the remainder when 31417 is divided by 7725.
517
What is the remainder when 24287827 is divided by 11?
3
What is the remainder when 108973 is divided by 5623?
2136
Calculate the remainder when 1438398 is divided by 59926.
174
What is the remainder when 35595198 is divided by 1401?
1392
What is the remainder when 281288 is divided by 15495?
2378
Calculate the remainder when 308460 is divided by 50814.
3576
What is the remainder when 336330 is divided by 67241?
125
Calculate the remainder when 11094 is divided by 2337.
1746
Calculate the remainder when 43374 is divided by 2544.
126
What is the remainder when 1148445 is divided by 574119?
207
What is the remainder when 57660004 is divided by 1542?
1540
What is the remainder when 158877 is divided by 200?
77
Calculate the remainder when 3317144 is divided by 1149.
1130
Calculate the remainder when 161942 is divided by 2945.
2912
Calculate the remainder when 10817504 is divided by 23827.
46
Calculate the remainder when 511038045 is divided by 8.
5
What is the remainder when 367291 is divided by 9663?
97
What is the remainder when 60910 is divided by 30096?
718
What is the remainder when 1515898 is divided by 363?
10
What is the remainder when 443355 is divided by 162?
123
Calculate the remainder when 116065 is divided by 116010.
55
Calculate the remainder when 839924 is divided by 1042.
72
Calculate the remainder when 22651 is divided by 2572.
2075
Calculate the remainder when 1269433803 is divided by 119.
113
What is the remainder when 9858270 is divided by 61?
60
What is the remainder when 148181 is divided by 72056?
4069
What is the remainder when 153873 is divided by 3409?
468
What is the remainder when 15041427 is divided by 7589?
29
What is the remainder when 55778862 is divided by 3862?
3858
What is the remainder when 19622 is divided by 8236?
3150
What is the remainder when 163320 is divided by 653?
70
Calculate the remainder when 1347426 is divided by 597.
594
Calculate the remainder when 560216 is divided by 462.
272
Calculate the remainder when 17383102 is divided by 64.
62
What is the remainder when 11686141 is divided by 44?
5
What is the remainder when 9009131 is divided by 1126140?
11
Calculate the remainder when 226574 is divided by 4979.
2519
Calculate the remainder when 459656 is divided by 114856.
232
What is the remainder when 2973036 is divided by 15984?
12
Calculate the remainder when 790121 is divided by 41582.
63
What is the remainder when 34637044 is divided by 397?
382
What is the remainder when 45955366 is divided by 764?
2
Calculate the remainder when 35980 is divided by 20.
0
What is the remainder when 17672636 is divided by 36?
20
What is the remainder when 101213 is divided by 748?
233
What is the remainder when 2530223 is divided by 1093?
1021
Calculate the remainder when 1234069 is divided by 226.
109
What is the remainder when 133225 is divided by 4929?
142
What is the remainder when 19178630 is divided by 66362?
12
What is the remainder when 19612509 is divided by 48?
45
What is the remainder when 54634988 is divided by 12?
8
What is the remainder when 1076375 is divided by 184?
159
Calculate the remainder when 1955322 is divided by 10.
2
Calculate the remainder when 782756 is divided by 11.
7
What is the remainder when 11861 is divided by 3909?
134
What is the remainder when 17495 is divided by 3370?
645
Calculate the remainder when 303631028 is divided by 2649.
2648
What is the remainder when 127210 is divided by 125243?
1967
Calculate the remainder when 2934953 is divided by 42.
35
What is the remainder when 2951632 is divided by 14?
12
What is the remainder when 511969 is divided by 102392?
9
Calculate the remainder when 7555 is divided by 1573.
1263
What is the remainder when 1955797 is divided by 391153?
32
Calculate the remainder when 75199 is divided by 30.
19
What is the remainder when 150045 is divided by 2899?
2196
What is the remainder when 46457272 is divided by 438276?
16
Calculate the remainder when 5693793 is divided by 1897784.
441
Calculate the remainder when 438835 is divided by 10953.
715
Calculate the remainder when 374749397 is divided by 797.
794
What is the remainder when 1845910 is divided by 4?
2
Calculate the remainder when 41749285 is divided by 20874631.
23
Calculate the remainder when 1229851 is divided by 32.
27
What is the remainder when 320097 is divided by 1203?
99
What is the remainder when 3006544 is divided by 1305?
1129
Calculate the remainder when 34061 is divided by 16891.
279
Calculate the remainder when 464895170 is divided by 219.
218
What is the remainder when 8494 is divided by 2500?
994
Calculate the remainder when 82365510 is divided by 41182754.
2
Calculate the remainder when 1940299 is divided by 21801.
10
Calculate the remainder when 78053 is divided by 19264.
997
Calculate the remainder when 11439277 is divided by 11439268.
9
What is the remainder when 12590296 is divided by 839348?
76
What is the remainder when 1074093 is divided by 16273?
75
Calculate the remainder when 145511583 is divided by 297.
294
What is the remainder when 67879 is divided by 17?
15
Calculate the remainder when 32909829 is divided by 151.
134
What is the remainder when 49449 is divided by 495?
444
What is the remainder when 76398 is divided by 12362?
2226
What is the remainder when 1493282 is divided by 321?
311
Calculate the remainder when 2541158 is divided by 154.
4
What is the remainder when 1989625 is divided by 229?
73
What is the remainder when 52085092 is divided by 26042536?
20
Calculate the remainder when 93559 is divided by 182.
11
Calculate the remainder when 997081 is divided by 4793.
137
What is the remainder when 123881 is divided by 1874?
197
Calculate the remainder when 2325038 is divided by 27.
14
What is the remainder when 595649544